{"id":1267,"date":"2024-08-02T17:12:46","date_gmt":"2024-08-02T15:12:46","guid":{"rendered":"https:\/\/www.slimop.space\/politica-daccessibilitat\/"},"modified":"2024-08-08T19:31:07","modified_gmt":"2024-08-08T17:31:07","slug":"politica-daccessibilitat","status":"publish","type":"page","link":"https:\/\/www.slimop.space\/ca\/politica-daccessibilitat\/","title":{"rendered":"Pol\u00edtica d&#8217;accessibilitat"},"content":{"rendered":"\n<p>Slimop Space s&#8217;ha comprom\u00e8s a fer accessibles els seus llocs web, de conformitat amb el <strong><a href=\"https:\/\/www.boe.es\/buscar\/act.php?id=BOE-A-2018-12699\" target=\"_blank\" rel=\"noreferrer noopener\">Reial Decret 1112\/2018<\/a><\/strong> , de 7 de setembre, sobre l&#8217;accessibilitat dels llocs web i les aplicacions per a dispositius m\u00f2bils del sector p\u00fablic, per la qual cosa es trasllada l&#8217;ordenament jur\u00eddic. espa\u00f1ol la <a href=\"http:\/\/eur-lex.europa.eu\/legal-content\/ES\/TXT\/?uri=uriserv:OJ.L_.2016.327.01.0001.01.SPA&amp;toc=OJ:L:2016:327:FULL\" target=\"_blank\" rel=\"noreferrer noopener\">Directiva (UE) 2016\/2102 del Parlament Europeo i del Consejo<\/a> .<\/p>\n\n<p>La present declaraci\u00f3 d&#8217;accessibilitat s&#8217;aplica al portal institucional <a href=\"http:\/\/slimop.space\" data-type=\"link\" data-id=\"slimop.space\">slimop.space<\/a> .<\/p>\n\n<h2 class=\"wp-block-heading\">Situaci\u00f3 de compliment<\/h2>\n\n<p>Aquest lloc web est\u00e0 <strong>parcialment conforme<\/strong> amb el <a href=\"https:\/\/www.boe.es\/diario_boe\/txt.php?id=BOE-A-2018-12699\" target=\"_blank\" rel=\"noreferrer noopener\"><strong>RD 1112\/2018<\/strong><\/a> a causa de les excepcions i la falta de conformitat dels aspectes que s&#8217;indica a continuaci\u00f3.<\/p>\n\n<h2 class=\"wp-block-heading\">Contingut no accessible<\/h2>\n\n<p>El contingut que es reconeix a continuaci\u00f3 no \u00e9s accessible pel seg\u00fcent:<\/p>\n\n<ul class=\"wp-block-list\">\n<li>Falta de conformitat amb el RD 1112\/2018:\n<ul class=\"wp-block-list\">\n<li>En el portal poden existir continguts en altres idiomes en els que no est\u00e0 etiquetat correctament el canvi d&#8217;idioma<\/li>\n\n\n\n<li>Els elements multimedia solo audio no tenen alternativa<\/li>\n\n\n\n<li>Existeixen v\u00eddeos sense subt\u00edtols<\/li>\n\n\n\n<li>Hi ha contingut textual sense un contrast suficient<\/li>\n\n\n\n<li>Observa com en alguns casos el foc no compleix amb la proporci\u00f3 m\u00ednima de contrast requerit<\/li>\n\n\n\n<li>En algun cas pot produir-se solapament de contingut<\/li>\n\n\n\n<li>Existeixen documents PDF amb problemes d&#8217;accessibilitat<\/li>\n<\/ul>\n<\/li>\n\n\n\n<li>C\u00e0rrega desproporcionada:<\/li>\n<\/ul>\n\n<p>  No aplica.<\/p>\n\n<ul class=\"wp-block-list\">\n<li>No es cont\u00e9 dins de l&#8217;\u00e0mbit de la legislaci\u00f3 aplicable:<\/li>\n<\/ul>\n\n<p>  Podeu existir documents en format PDF publicats abans del 20 de setembre de 2018 que no s&#8217;acumulen a la seva totalitat tots els requisits d&#8217;accessibilitat.<\/p>\n\n<h2 class=\"wp-block-heading\">Preparaci\u00f3 de la presentaci\u00f3 declaraci\u00f3 d&#8217;accessibilitat<\/h2>\n\n<p>La present declaraci\u00f3 ha estat preparada el 31 de juliol de 2023.<\/p>\n\n<p>El m\u00e8tode empleat per preparar la declaraci\u00f3 ha estat una autoavaluaci\u00f3 portada a terme pel propi organisme.<\/p>\n\n<p>La data de l&#8217;\u00faltima revisi\u00f3 va ser el 31 de juliol de 2023.<\/p>\n\n<h2 class=\"wp-block-heading\">Observacions i dades de contacte<\/h2>\n\n<p>Pot realitzar <strong>comunicacions<\/strong> sobre requisits d&#8217;accessibilitat (article 10.2 del RD 1112\/2018) com per exemple:<\/p>\n\n<ul class=\"wp-block-list\">\n<li>informar sobre qualsevol possible incompliment per part d&#8217;aquest lloc web<\/li>\n\n\n\n<li>transmetre altres <strong>dificultats d&#8217;acc\u00e9s<\/strong> al contingut<\/li>\n\n\n\n<li>formular qualsevol altra <strong>consulta o suggeriment de millora<\/strong> relativa a l&#8217;accessibilitat del lloc web<\/li>\n<\/ul>\n\n<p>a trav\u00e9s del <a href=\"https:\/\/www.slimop.space#brx-footer\">formulari de contacte<\/a> d&#8217;aquest lloc web.<\/p>\n\n<p>Les comunicacions seran rebudes i tractades per l&#8217;equip administratiu de Sans Arquitectes.<\/p>\n\n<h2 class=\"wp-block-heading\">Procediment d&#8217;aplicaci\u00f3<\/h2>\n\n<p>Si una vegada realitzada una sol\u00b7licitud d&#8217;informaci\u00f3 accessible o queja, aquesta hauria estat desestimada, no s&#8217;hagu\u00e9s estat d&#8217;acord amb la decisi\u00f3 adoptada, o la resposta no compliera els requisits contemplats a l&#8217;article 12.5 del RD 1112\/2018, la persona interessada podr\u00e0 iniciar una reclamaci\u00f3. Igualment podreu iniciar una reclamaci\u00f3 en el cas de no haver obtingut resposta. <\/p>\n\n<h2 class=\"wp-block-heading\">Contingut opcional<\/h2>\n\n<p>El lloc web:<\/p>\n\n<ul class=\"wp-block-list\">\n<li>s&#8217;ha dissenyat adaptant-se als est\u00e0ndards i normatives vigents en relaci\u00f3 a l&#8217;accessibilitat, complint amb els punts de verificaci\u00f3 de prioritat 2 (AA) definits en l&#8217;especificaci\u00f3 de Pautes d&#8217;Accessibilitat al contingut en la Web (WCAG 2.1)<\/li>\n\n\n\n<li>est\u00e0 optimitzat per a les darreres versions vigents de Chrome, Edge, Firefox, Safari i Opera<\/li>\n\n\n\n<li>est\u00e0 dissenyat per a la seva visualitzaci\u00f3 correcta en qualsevol resoluci\u00f3 i dispositiu d&#8217;escriptori, tauletes o m\u00f2bils (disseny responsive)<\/li>\n\n\n\n<li>s&#8217;ha realitzat utilitzant HTML5 com a llenguatge de marcat i fulles d&#8217;estil CSS 3 per al seu disseny<\/li>\n<\/ul>\n\n<p>A m\u00e9s, es realitza un treball continu d&#8217;auditoria i revisi\u00f3 de continguts per facilitar la seva interpretaci\u00f3 i millorar la navegaci\u00f3 pel portal web.<\/p>\n","protected":false},"excerpt":{"rendered":"<p>Slimop Space s&#8217;ha comprom\u00e8s a fer accessibles els seus llocs web, de conformitat amb el Reial Decret 1112\/2018 , de 7 de setembre, sobre l&#8217;accessibilitat dels llocs web i les aplicacions per a dispositius m\u00f2bils del sector p\u00fablic, per la qual cosa es trasllada l&#8217;ordenament jur\u00eddic. espa\u00f1ol la Directiva (UE) 2016\/2102 del Parlament Europeo i [&hellip;]<\/p>\n","protected":false},"author":1,"featured_media":0,"parent":0,"menu_order":0,"comment_status":"closed","ping_status":"closed","template":"","meta":{"_acf_changed":false,"_seopress_robots_primary_cat":"","_seopress_titles_title":"","_seopress_titles_desc":"","_seopress_robots_index":"","footnotes":""},"class_list":["post-1267","page","type-page","status-publish","hentry"],"acf":[],"_links":{"self":[{"href":"https:\/\/www.slimop.space\/ca\/wp-json\/wp\/v2\/pages\/1267","targetHints":{"allow":["GET"]}}],"collection":[{"href":"https:\/\/www.slimop.space\/ca\/wp-json\/wp\/v2\/pages"}],"about":[{"href":"https:\/\/www.slimop.space\/ca\/wp-json\/wp\/v2\/types\/page"}],"author":[{"embeddable":true,"href":"https:\/\/www.slimop.space\/ca\/wp-json\/wp\/v2\/users\/1"}],"replies":[{"embeddable":true,"href":"https:\/\/www.slimop.space\/ca\/wp-json\/wp\/v2\/comments?post=1267"}],"version-history":[{"count":1,"href":"https:\/\/www.slimop.space\/ca\/wp-json\/wp\/v2\/pages\/1267\/revisions"}],"predecessor-version":[{"id":1268,"href":"https:\/\/www.slimop.space\/ca\/wp-json\/wp\/v2\/pages\/1267\/revisions\/1268"}],"wp:attachment":[{"href":"https:\/\/www.slimop.space\/ca\/wp-json\/wp\/v2\/media?parent=1267"}],"curies":[{"name":"wp","href":"https:\/\/api.w.org\/{rel}","templated":true}]}}

Política d&#8217;accessibilitat

<p>Slimop Space s&#8217;ha compromès a fer accessibles els seus llocs web, de conformitat amb el <strong><a href="https://www.boe.es/buscar/act.php?id=BOE-A-2018-12699" target="_blank" rel="noreferrer noopener">Reial Decret 1112/2018</a></strong> , de 7 de setembre, sobre l&#8217;accessibilitat dels llocs web i les aplicacions per a dispositius mòbils del sector públic, per la qual cosa es trasllada l&#8217;ordenament jurídic. español la <a href="http://eur-lex.europa.eu/legal-content/ES/TXT/?uri=uriserv:OJ.L_.2016.327.01.0001.01.SPA&amp;toc=OJ:L:2016:327:FULL" target="_blank" rel="noreferrer noopener">Directiva (UE) 2016/2102 del Parlament Europeo i del Consejo</a> .</p>

<p>La present declaració d&#8217;accessibilitat s&#8217;aplica al portal institucional <a href="http://slimop.space" data-type="link" data-id="slimop.space">slimop.space</a> .</p>

<h2 class="wp-block-heading">Situació de compliment</h2>

<p>Aquest lloc web està <strong>parcialment conforme</strong> amb el <a href="https://www.boe.es/diario_boe/txt.php?id=BOE-A-2018-12699" target="_blank" rel="noreferrer noopener"><strong>RD 1112/2018</strong></a> a causa de les excepcions i la falta de conformitat dels aspectes que s&#8217;indica a continuació.</p>

<h2 class="wp-block-heading">Contingut no accessible</h2>

<p>El contingut que es reconeix a continuació no és accessible pel següent:</p>

<ul class="wp-block-list">
<li>Falta de conformitat amb el RD 1112/2018:
<ul class="wp-block-list">
<li>En el portal poden existir continguts en altres idiomes en els que no està etiquetat correctament el canvi d&#8217;idioma</li>



<li>Els elements multimedia solo audio no tenen alternativa</li>



<li>Existeixen vídeos sense subtítols</li>



<li>Hi ha contingut textual sense un contrast suficient</li>



<li>Observa com en alguns casos el foc no compleix amb la proporció mínima de contrast requerit</li>



<li>En algun cas pot produir-se solapament de contingut</li>



<li>Existeixen documents PDF amb problemes d&#8217;accessibilitat</li>
</ul>
</li>



<li>Càrrega desproporcionada:</li>
</ul>

<p>  No aplica.</p>

<ul class="wp-block-list">
<li>No es conté dins de l&#8217;àmbit de la legislació aplicable:</li>
</ul>

<p>  Podeu existir documents en format PDF publicats abans del 20 de setembre de 2018 que no s&#8217;acumulen a la seva totalitat tots els requisits d&#8217;accessibilitat.</p>

<h2 class="wp-block-heading">Preparació de la presentació declaració d&#8217;accessibilitat</h2>

<p>La present declaració ha estat preparada el 31 de juliol de 2023.</p>

<p>El mètode empleat per preparar la declaració ha estat una autoavaluació portada a terme pel propi organisme.</p>

<p>La data de l&#8217;última revisió va ser el 31 de juliol de 2023.</p>

<h2 class="wp-block-heading">Observacions i dades de contacte</h2>

<p>Pot realitzar <strong>comunicacions</strong> sobre requisits d&#8217;accessibilitat (article 10.2 del RD 1112/2018) com per exemple:</p>

<ul class="wp-block-list">
<li>informar sobre qualsevol possible incompliment per part d&#8217;aquest lloc web</li>



<li>transmetre altres <strong>dificultats d&#8217;accés</strong> al contingut</li>



<li>formular qualsevol altra <strong>consulta o suggeriment de millora</strong> relativa a l&#8217;accessibilitat del lloc web</li>
</ul>

<p>a través del <a href="https://www.slimop.space#brx-footer">formulari de contacte</a> d&#8217;aquest lloc web.</p>

<p>Les comunicacions seran rebudes i tractades per l&#8217;equip administratiu de Sans Arquitectes.</p>

<h2 class="wp-block-heading">Procediment d&#8217;aplicació</h2>

<p>Si una vegada realitzada una sol·licitud d&#8217;informació accessible o queja, aquesta hauria estat desestimada, no s&#8217;hagués estat d&#8217;acord amb la decisió adoptada, o la resposta no compliera els requisits contemplats a l&#8217;article 12.5 del RD 1112/2018, la persona interessada podrà iniciar una reclamació. Igualment podreu iniciar una reclamació en el cas de no haver obtingut resposta. </p>

<h2 class="wp-block-heading">Contingut opcional</h2>

<p>El lloc web:</p>

<ul class="wp-block-list">
<li>s&#8217;ha dissenyat adaptant-se als estàndards i normatives vigents en relació a l&#8217;accessibilitat, complint amb els punts de verificació de prioritat 2 (AA) definits en l&#8217;especificació de Pautes d&#8217;Accessibilitat al contingut en la Web (WCAG 2.1)</li>



<li>està optimitzat per a les darreres versions vigents de Chrome, Edge, Firefox, Safari i Opera</li>



<li>està dissenyat per a la seva visualització correcta en qualsevol resolució i dispositiu d&#8217;escriptori, tauletes o mòbils (disseny responsive)</li>



<li>s&#8217;ha realitzat utilitzant HTML5 com a llenguatge de marcat i fulles d&#8217;estil CSS 3 per al seu disseny</li>
</ul>

<p>A més, es realitza un treball continu d&#8217;auditoria i revisió de continguts per facilitar la seva interpretació i millorar la navegació pel portal web.</p>

<p>Slimop Space s&#8217;ha compromès a fer accessibles els seus llocs web, de conformitat amb el Reial Decret 1112/2018 , de 7 de setembre, sobre l&#8217;accessibilitat dels llocs web i les aplicacions per a dispositius mòbils del sector públic, per la qual cosa es trasllada l&#8217;ordenament jurídic. español la Directiva (UE) 2016/2102 del Parlament Europeo i [&hellip;]</p>
